 the prime factors of 26855?
5, 41, 131
List the prime factors of 6291.
3, 233
List the prime factors of 235.
5, 47
List the prime factors of 2301.
3, 13, 59
What are the prime factors of 616?
2, 7, 11
What are the prime factors of 64880?
2, 5, 811
What are the prime factors of 44270?
2, 5, 19, 233
List the prime factors of 98167.
89, 1103
What are the prime factors of 1397?
11, 127
List the prime factors of 81815.
5, 16363
List the prime factors of 96973.
96973
What are the prime factors of 19116?
2, 3, 59
List the prime factors of 46050.
2, 3, 5, 307
What are the prime factors of 17447?
73, 239
What are the prime factors of 12732?
2, 3, 1061
What are the prime factors of 1096?
2, 137
List the prime factors of 2661.
3, 887
What are the prime factors of 451?
11, 41
List the prime factors of 365.
5, 73
What are the prime factors of 5870?
2, 5, 587
What are the prime factors of 73293?
3, 11, 2221
List the prime factors of 46120.
2, 5, 1153
List the prime factors of 3556.
2, 7, 127
List the prime factors of 44816.
2, 2801
What are the prime factors of 54780?
2, 3, 5, 11, 83
What are the prime factors of 62764?
2, 13, 17, 71
What are the prime factors of 46825?
5, 1873
What are the prime factors of 15573?
3, 29, 179
What are the prime factors of 9125?
5, 73
List the prime factors of 37591.
37591
List the prime factors of 1213.
1213
List the prime factors of 37967.
37967
List the prime factors of 79.
79
What are the prime factors of 474?
2, 3, 79
What are the prime factors of 52573?
19, 2767
What are the prime factors of 601?
601
List the prime factors of 4247.
31, 137
List the prime factors of 13994.
2, 6997
What are the prime factors of 711?
3, 79
List the prime factors of 1127.
7, 23
List the prime factors of 571.
571
List the prime factors of 92047.
83, 1109
List the prime factors of 2954.
2, 7, 211
List the prime factors of 10114.
2, 13, 389
What are the prime factors of 31303?
23, 1361
List the prime factors of 1430.
2, 5, 11, 13
List the prime factors of 7495.
5, 1499
What are the prime factors of 1700?
2, 5, 17
What are the prime factors of 18452?
2, 7, 659
What are the prime factors of 81?
3
List the prime factors of 65115.
3, 5, 1447
What are the prime factors of 5577?
3, 11, 13
What are the prime factors of 3812?
2, 953
List the prime factors of 7344.
2, 3, 17
What are the prime factors of 9060?
2, 3, 5, 151
List the prime factors of 30981.
3, 23, 449
What are the prime factors of 312?
2, 3, 13
List the prime factors of 424.
2, 53
List the prime factors of 20774.
2, 13, 17, 47
What are the prime factors of 2670?
2, 3, 5, 89
List the prime factors of 4421.
4421
What are the prime factors of 15231?
3, 5077
List the prime factors of 1132.
2, 283
What are the prime factors of 798?
2, 3, 7, 19
List the prime factors of 49039.
19, 29, 89
What are the prime factors of 326?
2, 163
What are the prime factors of 58046?
2, 29023
What are the prime factors of 39838?
2, 19919
List the prime factors of 568.
2, 71
List the prime factors of 31979.
113, 283
List the prime factors of 647.
647
What are the prime factors of 47044?
2, 19, 619
List the prime factors of 1681.
41
What are the prime factors of 35209?
137, 257
List the prime factors of 7949.
7949
What are the prime factors of 136?
2, 17
What are the prime factors of 1643?
31, 53
What are the prime factors of 838?
2, 419
What are the prime factors of 3145?
5, 17, 37
What are the prime factors of 1014?
2, 3, 13
List the prime factors of 4115.
5, 823
What are the prime factors of 1030?
2, 5, 103
What are the prime factors of 6530?
2, 5, 653
What are the prime factors of 2073?
3, 691
What are the prime factors of 11232?
2, 3, 13
List the prime factors of 69.
3, 23
List the prime factors of 55034.
2, 7, 3931
What are the prime factors of 5321?
17, 313
List the prime factors of 5127.
3, 1709
List the prime factors of 74482.
2, 167, 223
What are the prime factors of 139?
139
List the prime factors of 24501.
3, 8167
What are the prime factors of 92832?
2, 3, 967
What are the prime factors of 1785?
3, 5, 7, 17
List the prime factors of 108058.
2, 97, 557
List the prime factors of 2779.
7, 397
What are the prime factors of 5025?
3, 5, 67
List the prime factors of 5745.
3, 5, 383
What are the prime factors of 1574?
2, 787
What are the prime factors of 10926?
2, 3, 607
What are the prime factors of 2046?
2, 3, 11, 31
List the prime factors of 977.
977
List the prime factors of 26531.
43, 617
What are the prime factors of 1780?
2, 5, 89
List the prime factors of 822.
2, 3, 137
What are the prime factors of 477?
3, 53
List the prime factors of 16513.
7, 337
What are the prime factors of 4413?
3, 1471
What are the prime factors of 78897?
3, 7, 13, 17
List the prime factors of 58715.
5, 11743
List the prime factors of 1619.
1619
What are the prime factors of 1471?
1471
What are the prime factors of 49223?
49223
What are the prime factors of 22458?
2, 3, 19, 197
List the prime factors of 2664.
2, 3, 37
What are the prime factors of 751?
751
What are the prime factors of 1340?
2, 5, 67
What are the prime factors of 118904?
2, 89, 167
What are the prime factors of 12174?
2, 3, 2029
What are the prime factors of 22530?
2, 3, 5, 751
What are the prime factors of 113024?
2, 883
What are the prime factors of 51603?
3, 103, 167
List the prime factors of 19887.
3, 7, 947
List the prime factors of 14700.
2, 3, 5, 7
What are the prime factors of 89844?
2, 3, 7487
What are the prime factors of 2312?
2, 17
List the prime factors of 5330.
2, 5, 13, 41
What are the prime factors of 30206?
2, 11, 1373
What are the prime factors of 44230?
2, 5, 4423
What are the prime factors of 131560?
2, 5, 11, 13, 23
What are the prime factors of 1911?
3, 7, 13
What are the prime factors of 44932?
2, 47, 239
What are the prime factors of 1739?
37, 47
What are the prime factors of 492?
2, 3, 41
What are the prime factors of 17724?
2, 3, 7, 211
List the prime factors of 1241.
17, 73
What are the prime factors of 3038?
2, 7, 31
List the prime factors of 32722.
2, 16361
List the prime factors of 3819.
3, 19, 67
What are the prime factors of 142510?
2, 5, 14251
List the prime factors of 105692.
2, 26423
What are the prime factors of 81558?
2, 3, 23, 197
List the prime factors of 10852.
2, 2713
List the prime factors of 480.
2, 3, 5
List the prime factors of 18069.
3, 19, 317
List the prime factors of 17620.
2, 5, 881
What are the prime factors of 48193?
48193
List the prime factors of 15565.
5, 11, 283
What are the prime factors of 5799?
3, 1933
List the prime factors of 4293.
3, 53
List the prime factors of 904.
2, 113
List the prime factors of 58338.
2, 3, 7, 463
List the prime factors of 35425.
5, 13, 109
What are the prime factors of 1169?
7, 167
What are the prime factors of 112130?
2, 5, 11213
What are the prime factors of 9757?
11, 887
What are the prime factors of 740?
2, 5, 37
What are the prime factors of 2676?
2, 3, 223
What are the prime factors of 57651?
3, 11, 1747
What are the prime factors of 8911?
7, 19, 67
What are the prime factors of 2740?
2, 5, 137
What are the prime factors of 40357?
40357
What are the prime factors of 10960?
2, 5, 137
List the prime factors of 10721.
71, 151
What are the prime factors of 10759?
7, 29, 53
What are the prime factors of 5?
5
What are the prime factors of 56557?
23, 2459
What are the prime factors of 1411?
17, 83
What are the prime factors of 13402?
2, 6701
What are the prime factors of 5970?
2, 3, 5, 199
List the prime factors of 106.
2, 53
What are the prime factors of 16250?
2, 5, 13
What are the prime factors of 168?
2, 3, 7
List the prime factors of 19007.
83, 229
List the prime factors of 9408.
2, 3, 7
List the prime factors of 2351.
2351
What are the prime factors of 1092?
2, 3, 7, 13
What are the prime factors of 1779?
3, 593
List the prime factors of 1897.
7, 271
List the prime factors of 34774.
2, 17387
What are the prime factors of 1448?
2, 181
What are the prime factors of 3191?
3191
What are the prime factors of 47429?
43, 1103
What are the prime factors of 438?
2, 3, 73
What are the prime factors of 149555?
5, 7, 4273
What are the prime factors of 7590?
2, 3, 5, 11, 23
List the prime factors of 62343.
3, 2309
What are the prime factors of 5128?
2, 641
What are the prime factor